be the third derivative of 5*t**4/24 - 5*t**3/6 + 287*t**2. Let i be r(g). Calculate the greatest common factor of i and 20.
10
Suppose 38 = -5*t + t + 206. Calculate the highest common factor of 5572 and t.
14
Suppose 0 = 7*d - 17*d + 360. Suppose 0 = 541*o - 545*o + 168. Calculate the highest common factor of o and d.
6
Let n be 2397/68 + 2/(-8). Let y = n + 64. Suppose 13 = r + 4. What is the greatest common divisor of r and y?
9
Suppose -12*c = 96 + 1704. Let z be (5760/c)/((4/125)/(-2)). Suppose z = -2*p + 14*p. Calculate the greatest common divisor of p and 40.
40
Let s(j) = j**3 + 5*j**2 + 2*j - 3. Let b be s(-5). Let p be (2 - b)/(3/4). Suppose 4723 - 4183 = 27*d. What is the greatest common factor of d and p?
20
Suppose -3*v - c - c + 109 = 0, 3*v + 3*c - 111 = 0. Let g be (3/(-18))/(75/(-11250)). Calculate the greatest common factor of g and v.
5
Let t = 4967 - 4787. Suppose -6*x = -2*x - 80. What is the highest common factor of x and t?
20
Suppose -2*j + 2125 = -z, -27*z = -31*z - 28. What is the greatest common factor of j and 3?
3
Let o(b) = -15*b**2 + 7*b - 15. Let y be o(2). Let d = y + 67. What is the highest common factor of 12 and d?
6
Let g(t) = -2*t**3 + 131*t**2 - 67*t + 158. Let f be g(65). What is the greatest common factor of 672 and f?
28
Suppose -5*x = -3*x + 742. Let j = x - -696. Suppose -6*u + j + 161 = 0. What is the greatest common factor of u and 9?
9
Suppose 1810 = 92*s + 19*s - 188. Calculate the highest common factor of s and 11142.
18
Let g(c) = -85*c - 1766. Let r be g(-23). Calculate the highest common factor of r and 2457.
189
Suppose 32 = 25*j - 17*j. Suppose j*c = 2*c + 1100. Calculate the highest common factor of c and 50.
50
Let a(y) = -3*y + 67. Let n be a(25). Let v = 44 + n. Let b(m) = m**3 - 4*m**2 - 9*m + 6. Let f be b(6). What is the greatest common factor of v and f?
12
Let f(d) = -d**2 + 37*d + 66. Let o(k) = -3*k + 27. Let z be o(9). Let s be f(z). What is the highest common divisor of s and 594?
66
Suppose -17*q + 8910 - 1571 = -1331. Calculate the greatest common factor of 4 and q.
2
Let h(q) = -24*q - 209. Let c(r) = 37*r + 313. Let u(n) = 5*c(n) + 8*h(n). Let k be u(-21). What is the greatest common divisor of 24 and k?
8
Let b(v) = -v**2 + 4*v + 5. Let k be b(11). Let h = k + 121. What is the highest common divisor of h and 539?
49
Let b = 4788 + -4332. Calculate the greatest common divisor of 266 and b.
38
Let h(y) = y**2 - 2*y + 86. Let m be h(11). Suppose 3*v + o = 111, -4*v + 9*v = 5*o + m. What is the highest common divisor of v and 296?
37
Suppose -33*j + 65618 = -6982. Calculate the highest common factor of j and 88.
88
Suppose 471*n = 463*n + 8. What is the greatest common divisor of n and 81?
1
Let a(b) = -20*b - 109. Let d(g) = g**3 - 18*g**2 - 43*g + 54. Let x be d(20). Let j be a(x). What is the highest common factor of j and 2?
1
Suppose -7*v - 144621 - 247379 = -77*v. What is the highest common divisor of 525 and v?
175
Suppose 0 = -4*z + 3*q + 75, z - 32 = -z - 4*q. Calculate the highest common factor of 12762 and z.
18
Let w be -3*(-7255)/60 - (-2 - (-91)/52). Calculate the highest common factor of 352 and w.
11
Let m = -33 + -70. Let u = m - -127. What is the greatest common factor of 20 and u?
4
Let c(p) = -31 - 11 - 6*p - 27 - 13*p. Let t be c(-7). What is the greatest common factor of 40 and t?
8
Suppose 22 = 5*j + 4*t, j - 3*t = 5*j - 18. Suppose -41*w + 4*r = -39*w - 124, -152 = -2*w + 11*r. Calculate the greatest common divisor of w and j.
6
Let g(p) = 118*p + 150. Let z be g(0). Calculate the greatest common factor of 34 and z.
2
Let f = -781 + 53. Let q = f + 868. Calculate the greatest common divisor of q and 105.
35
Let g = -205 + 85. Let h = 156 + g. Suppose 0*w = -2*w + 8. Calculate the greatest common factor of w and h.
4
Let a = 81 + -36. Let d = -6592 - -6742. Calculate the highest common divisor of a and d.
15
Suppose 2*v = b - 20, b - 6*b + 64 = 2*v. Calculate the greatest common factor of b and 3598.
14
Let m(v) = -v**2 + 1. Let p(g) = -3*g**2 + 23*g - 29. Let x(l) = -m(l) - p(l). Let r be x(7). Calculate the highest common factor of 9 and r.
9
Let s = 52 + -46. Let k(r) be the second derivative of r**4/12 + 5*r**3/6 + 2*r**2 - 3*r. Let g be k(s). What is the greatest common divisor of g and 28?
14
Let h = -136 + 116. Let q be (2 - -66) + 24 + h. Calculate the greatest common factor of q and 8.
8
Let f be -6*(16790/(-15))/2. Let c = f - 2094. What is the highest common factor of c and 16?
16
Let z be (8 + (2376/30)/1)*5. What is the highest common factor of z and 12?
4
Let d = 22 - -25. Let m(a) = -d*a**2 + 23*a**2 - 6*a**3 + 2 + 22*a**2 + a. Let g be m(-1). What is the greatest common factor of 4 and g?
1
Let u = 96 + 103. Suppose u*v + 5 = 200*v. Let j = 23 + 2. Calculate the greatest common divisor of v and j.
5
Let x = -238 - -244. Let s be (21/x)/(14/12). Let u(d) = -d**2 + d + 2. Let v be u(0). Calculate the greatest common factor of v and s.
1
Let l(q) = -7*q**2 - 1. Let z be l(1). Let h(c) = -c**3 - 8*c**2 - 5*c + 6. Let b be h(z). Let n = 3790 - 3675. What is the greatest common divisor of n and b?
23
Suppose -14*m = 275 - 975. Suppose -m*h = -46*h - 16. Suppose 53 = h*b - 51. What is the highest common factor of 182 and b?
26
Let l be (-15052)/(-2)*(12 + (-345)/30) - 3. What is the highest common divisor of 160 and l?
80
Suppose 2*v - t = 33, -3*v + 2*t + 49 = t. Calculate the highest common divisor of v and 2096.
16
Let t = -90 + 156. Suppose -22638 = 6*r - 104*r. Calculate the highest common divisor of r and t.
33
Let j be (-2)/(-2 + 8)*-3*568/1. What is the greatest common divisor of j and 355?
71
Let j = -5074 - -5123. What is the highest common factor of 6958 and j?
49
Let w = -11800 - -20160. Calculate the highest common divisor of 19 and w.
19
Let l be (-29 + 5254/185)*(1 + -1366). What is the highest common divisor of 252 and l?
63
Suppose -287*x + 1343336 + 693394 = -2621280. What is the greatest common divisor of 30 and x?
30
Let l be ((-548)/(-8)*1)/(9/126). Calculate the highest common factor of l and 1096.
137
Suppose 3*f - 911 = -4*h, -443 = -2*h + f - 0*f. Let b(i) = -2*i**2 - 222*i + 7316. Let s be b(26). Calculate the highest common divisor of h and s.
32
Let b = 312 - 308. Let w be (-42)/b*(5 - 385/15). What is the highest common factor of w and 155?
31
Suppose -4*b - 326 = 3*v - 1130, -b + 210 = 3*v. Suppose 839*c = 858*c - 836. Calculate the highest common factor of b and c.
22
Let t(f) = -f**3 + 15*f**2 + 14*f + 29. Let g be t(16). Let b(r) = 61*r**2 + 4*r + 13. Let i be b(g). What is the highest common divisor of 50 and i?
50
Suppose -112*h - 340 = -197*h. What is the highest common divisor of 20 and h?
4
Suppose 2*n - n = -3, -4*n - 26 = -m. Let s = 2162 + -2001. Calculate the highest common divisor of m and s.
7
Suppose -138 = 5*n + o, 8 + 4 = -4*o. Suppose 1069 = 7*w + 775. Let c = n + w. Calculate the highest common factor of 135 and c.
15
Let s = 150 + -81. Let r = -649 + 652. Let g be ((-2)/r)/((-30)/1035). Calculate the highest common divisor of g and s.
23
Let t be 114 - (-3)/((-6)/(-4)). Suppose 5*u - 56542 = 5*s - 56927, 4*u + 47 = s. Calculate the highest common divisor of t and s.
29
Let k(j) = 51*j - 170. Let v be k(10). Suppose -19*l - v = -23*l - 4*n, 3*n - 423 = -5*l. Calculate the highest common factor of 112 and l.
28
Suppose z + 2 = 5*k - 5, 8 = k + 2*z. Suppose -22 = 5*j - k. Let u(c) = 2*c**2 - 2*c + 2. Let g be u(j). Calculate the highest common divisor of 6 and g.
6
Suppose 2784 = -385*g + 414*g. What is the highest common divisor of g and 36?
12
Let i(f) = 9*f - f**3 + 6*f**2 + 217 + 5*f - 193. Let p be i(8). Calculate the greatest common factor of 44 and p.
4
Let s(u) = -53*u**2 + 9*u + 11. Let w be s(-1). Let h be w/(((-35)/(-21))/(-5)). What is the greatest common divisor of 17 and h?
17
Let f(r) = 5*r**2 + 109*r + 496. Let i be f(-6). Let c(h) = -51*h - 3. Let l be c(-2). Calculate the greatest common divisor of i and l.
11
Let q(b) = -2*b**2 - 15*b - 26. Let n be q(-2). Let h(p) = -2*p**3 - 6*p**2 - 3*p - 10. Let r be h(n). Calculate the greatest common factor of 544 and r.
34
Suppose 170 = -20*j + 570. Calculate the highest common factor of 59200 and j.
20
Suppose -404 = -5*g - 3*b, -95*